{"id":194,"date":"2018-10-01T14:01:14","date_gmt":"2018-10-01T12:01:14","guid":{"rendered":"https:\/\/www.ses-sterling.com\/blog\/?page_id=194"},"modified":"2023-09-26T10:42:03","modified_gmt":"2023-09-26T08:42:03","slug":"terms-of-use","status":"publish","type":"page","link":"https:\/\/www.ses-sterling.com\/blog\/en\/terms-of-use\/","title":{"rendered":"Terms of use"},"content":{"rendered":"<div id=\"recherche\">SES STERLING LIMITED is registered in England Reg. No.943499 at the site address :<\/div>\n<div class=\"texte\">\n<p>Harcourt Business Park, Halesfield 17, Telford, Shropshire, TF7 4PW.<br \/>\nVAT number 199 3205 36<\/p>\n<h2><strong>Marks and trade names<\/strong><\/h2>\n<p>The trade names and trade marks and other symbols which are on the website<br class=\"autobr\" \/>of ses-sterling.com, ses-sterling.fr, ses-sterling.co.uk, ses-sterling.eu are propriety of SES-STERLING and are therefore protected by law. Their use is forbidden without the written authorization of SES-STERLING.<\/p>\n<h2><strong>Intellectual Property<\/strong><\/h2>\n<p>All or part of the website of SES-STERLING is protected by the codex of intellectual property. Without previous written authorization it is forbidden to reproduce and use all or parts of the SES-STERLING website (trademarks or other signs) except for individual private purposes. Other actions will be prosecuted by law as counterfeit.<\/p>\n<h2><strong>Responsibility of contents<\/strong><\/h2>\n<p>SES-STERLING applies greatest care when realizing and consolidating the website.<br class=\"autobr\" \/>However the Company declines any responsibility if any information is incorrect.<br class=\"autobr\" \/>SES-STERLING can modify any information at any moment without previous announcement.<\/p>\n<h2><strong>Applicable law<\/strong><\/h2>\n<p>The legal mentions in this text are according to French law, excluding any other law.<\/p>\n<\/div>\n","protected":false},"excerpt":{"rendered":"<p>SES STERLING LIMITED is registered in England Reg. No.943499 at the site address : Harcourt Business Park, Halesfield 17, Telford, Shropshire, TF7 4PW. VAT number 199 3205 36 Marks and trade names The trade names and trade marks and other symbols which are on the websiteof ses-sterling.com, ses-sterling.fr, ses-sterling.co.uk, ses-sterling.eu are propriety of SES-STERLING and &hellip; <\/p>\n<p class=\"link-more\"><a href=\"https:\/\/www.ses-sterling.com\/blog\/en\/terms-of-use\/\" class=\"more-link\">Continuer la lecture<span class=\"screen-reader-text\"> de &laquo;&nbsp;Terms of use&nbsp;&raquo;<\/span><\/a><\/p>\n<p class=\"link-more\"><a href=\"https:\/\/www.ses-sterling.com\/blog\/en\/terms-of-use\/\">Lire la suite<span class=\"screen-reader-text\"> &#8220;Terms of use&#8221;<\/span><\/a><\/p>\n","protected":false},"author":1,"featured_media":0,"parent":0,"menu_order":0,"comment_status":"closed","ping_status":"closed","template":"","meta":{"om_disable_all_campaigns":false,"_uag_custom_page_level_css":"","advgb_blocks_editor_width":"","advgb_blocks_columns_visual_guide":"","_monsterinsights_skip_tracking":false,"_monsterinsights_sitenote_active":false,"_monsterinsights_sitenote_note":"","_monsterinsights_sitenote_category":0,"footnotes":""},"class_list":["post-194","page","type-page","status-publish","hentry"],"aioseo_notices":[],"uagb_featured_image_src":{"full":false,"thumbnail":false,"medium":false,"medium_large":false,"large":false,"1536x1536":false,"2048x2048":false,"twentyseventeen-featured-image":false,"twentyseventeen-thumbnail-avatar":false,"sow-carousel-default":false},"uagb_author_info":{"display_name":"admin","author_link":"https:\/\/www.ses-sterling.com\/blog\/author\/admin\/"},"uagb_comment_info":0,"uagb_excerpt":"SES STERLING LIMITED is registered in England Reg. No.943499 at the site address : Harcourt Business Park, Halesfield 17, Telford, Shropshire, TF7 4PW. VAT number 199 3205 36 Marks and trade names The trade names and trade marks and other symbols which are on the websiteof ses-sterling.com, ses-sterling.fr, ses-sterling.co.uk, ses-sterling.eu are propriety of SES-STERLING and\u2026","coauthors":[],"author_meta":{"author_link":"https:\/\/www.ses-sterling.com\/blog\/author\/admin\/","display_name":"admin"},"relative_dates":{"created":"Publi\u00e9 8 ans il y a","modified":"Mis \u00e0 jour 3 ans il y a"},"absolute_dates":{"created":"Publi\u00e9 le 1 octobre 2018","modified":"Mise \u00e0 jour le 26 septembre 2023"},"absolute_dates_time":{"created":"Publi\u00e9 le 1 octobre 2018 14:01","modified":"Mise \u00e0 jour le 26 septembre 2023 10:42"},"featured_img_caption":"","featured_img":false,"series_order":"","_links":{"self":[{"href":"https:\/\/www.ses-sterling.com\/blog\/wp-json\/wp\/v2\/pages\/194","targetHints":{"allow":["GET"]}}],"collection":[{"href":"https:\/\/www.ses-sterling.com\/blog\/wp-json\/wp\/v2\/pages"}],"about":[{"href":"https:\/\/www.ses-sterling.com\/blog\/wp-json\/wp\/v2\/types\/page"}],"author":[{"embeddable":true,"href":"https:\/\/www.ses-sterling.com\/blog\/wp-json\/wp\/v2\/users\/1"}],"replies":[{"embeddable":true,"href":"https:\/\/www.ses-sterling.com\/blog\/wp-json\/wp\/v2\/comments?post=194"}],"version-history":[{"count":3,"href":"https:\/\/www.ses-sterling.com\/blog\/wp-json\/wp\/v2\/pages\/194\/revisions"}],"predecessor-version":[{"id":37798,"href":"https:\/\/www.ses-sterling.com\/blog\/wp-json\/wp\/v2\/pages\/194\/revisions\/37798"}],"wp:attachment":[{"href":"https:\/\/www.ses-sterling.com\/blog\/wp-json\/wp\/v2\/media?parent=194"}],"curies":[{"name":"wp","href":"https:\/\/api.w.org\/{rel}","templated":true}]}}